and 13?
13
Suppose -6*m + 145 = 5*u - m, 2*u + 4*m - 50 = 0. Let c = -2078 - -2144. Calculate the greatest common factor of u and c.
33
Let y = 320 - 125. Let l = 232 + -154. What is the highest common divisor of y and l?
39
Suppose -21*r = -107 - 187. Calculate the greatest common divisor of r and 21.
7
Suppose 0 = 5*a - 2*k + k - 79, 4*a = k + 64. Suppose 903 - 273 = 3*r. Suppose 0*q = -7*q + r. Calculate the highest common divisor of q and a.
15
Suppose 4*w = 163 + 269. Suppose -112*j + 336 = -w*j. What is the highest common divisor of j and 12?
12
Let t be (11 - 14) + 53*1. Let s be -4 + 0 - -3 - -26. Calculate the highest common divisor of s and t.
25
Let q(f) = -12*f**2 + 2*f + 1. Let g be q(-1). Let i = 37 + g. Let z be (14/(-8))/((-2)/i). What is the highest common divisor of z and 14?
7
Let d = 14 + -9. Let v be (72/(-20) + 3)*d. Let o = v - -15. What is the highest common divisor of 132 and o?
12
Suppose 3*n - 50 = 2*a, 2*a - 7*a - 6 = n. Calculate the highest common factor of n and 8.
2
Let g(d) = d**3 - 9*d**2 + 26*d - 3. Let f be g(7). Calculate the highest common factor of f and 243.
81
Let f(m) = -5*m**3 - 23*m**2 - 2*m + 8. Let o be f(-6). Calculate the highest common divisor of o and 340.
68
Let t = 1220 + -1197. Calculate the highest common factor of t and 69.
23
Let t = 55 + -19. Let a(o) = 51*o + 1080. Let h be a(-20). Calculate the highest common factor of t and h.
12
Let l be (4/42)/((-70)/(-1470)). Calculate the highest common divisor of 250 and l.
2
Let f(t) = -t**3 - 8*t**2 + 17*t + 16. Let w be f(-11). Let q = 12 - 1. Let h = 35 - q. What is the highest common divisor of h and w?
24
Suppose 0 = 4*c, -2*u - c + 8 + 0 = 0. Suppose u*g + 59 = -13. Let z be 4*(-2)/4 - g. Calculate the highest common divisor of 8 and z.
8
Let u be (-312)/(-15) - (-4)/20. Suppose -4*i = -u + 5. Suppose 5*m - 42 = i*b + 42, 4*b = -4*m + 96. What is the greatest common divisor of m and 120?
20
Let h be 3/(-5) + (-2409)/(-15). Suppose -5*t - h = -10*t. Suppose -3*x + x + 8 = 0, 0 = -2*z - x + t. What is the greatest common divisor of 2 and z?
2
Let t = -172 - -292. Let h = t - 103. Calculate the greatest common divisor of 17 and h.
17
Let g be (61/(3355/(-66)))/(2/(-70)). Calculate the highest common divisor of 371 and g.
7
Let h(q) = 19*q**3 - 30*q**3 + 20 + 12*q**3 + q + 14*q**2. Suppose 0*i - 28 = 2*i. Let s be h(i). What is the highest common divisor of 66 and s?
6
Suppose -5*a + 910 = 3*m, -3*m + 166 = 4*a - 559. Calculate the highest common divisor of a and 74.
37
Suppose 2*p + 6 = 3*p. Let x be (-629)/(-14) + (-2)/(-28). Suppose p*n - x = n. What is the greatest common factor of n and 27?
9
Let b be (-1 - -6) + (54 - -6). What is the highest common divisor of b and 15?
5
Let p = 96 - 100. Let v be (-281)/p + 2 - (-2)/(-8). What is the greatest common factor of v and 48?
24
Let m(q) = 20*q - 10. Let t be m(7). Let p = t + -82. Suppose -83*j + 73*j = -160. What is the highest common factor of p and j?
16
Let t(f) = -f**3 + 15*f**2 + 23*f - 189. Let o be t(15). Calculate the greatest common divisor of o and 208.
52
Let g = -14 - -7. Let f = g + 10. Suppose 2*r - n + 17 = 184, -4*r + 331 = -f*n. Calculate the highest common factor of 34 and r.
17
Let v(h) = 3*h**3 - 3*h**2 + 3*h - 1. Let d be v(2). Let q = 6 - 6. Let r be (-4 - q)/8*-170. Calculate the greatest common factor of d and r.
17
Suppose 0 = -9*n + 4*n + 20. Suppose 0 = -c - 5*t + t - 11, -n*c = 5*t + 55. Let d be (6/(-10))/(c/50). What is the greatest common factor of d and 8?
2
Let g be (4/6)/(9/27). Let s(o) = -o + 6. Let i be s(g). Calculate the greatest common factor of i and 1.
1
Suppose 3*d = p + 120, 0 = -d + p + 40. What is the highest common factor of d and 200?
40
Let u = 65 - 35. Let b = -12 + 7. Let t(j) = j**3 + 4*j**2 - 7*j - 4. Let p be t(b). What is the greatest common factor of u and p?
6
Suppose -15 = 226*j - 227*j. Calculate the greatest common divisor of 60 and j.
15
Suppose 0 = -3*n + 4*v + 71, -3*n - v = -5*n + 39. Let t be ((-8)/(-8))/(6/306). Calculate the greatest common divisor of n and t.
17
Let z = 1280 + -1264. Suppose 0 = -6*a + 2*a + 192. Calculate the greatest common factor of a and z.
16
Suppose 3*j = 3*q + 15, 0*j + 2*j - 12 = 3*q. Suppose -4*g - 2*w + w = -72, j*w - 72 = -4*g. Calculate the greatest common factor of 12 and g.
6
Let l be 143*(16 - (-2 + 0)) - 2. Let p be l/10 + (-40)/(-50). What is the greatest common factor of p and 43?
43
Suppose 4*f = -k + 364, -224*k - 2*f = -228*k + 1438. What is the greatest common factor of k and 225?
45
Let z be (3 - 0/((-15)/3)) + 3. Suppose 0 = -4*v + 50 - 134. Let y = -12 - v. What is the greatest common divisor of z and y?
3
Let c be ((-3)/(-4))/((-26)/(-416)). What is the highest common factor of 48 and c?
12
Suppose 2*q = 4*q - 594. Let a be (3*(2 - 3))/(2/(-18)). Calculate the highest common factor of a and q.
27
Suppose -146*x + 3744 = -140*x. What is the greatest common factor of 26 and x?
26
Let g = -13 + 5. Suppose -44 = -2*k - 4*l, -2*k + 5*l = -11 + 3. Let r be (k/4)/(g/(-32)). Calculate the highest common divisor of r and 21.
7
Let j be (2 + -164)*52/(-78). Let w(m) = 14*m**3 + m**2 + m - 1. Let r be w(1). Let q be ((-15)/3 - -2) + r. What is the greatest common divisor of j and q?
12
Let f(m) = 8*m - 19. Let d be f(-9). Let j = d + 161. What is the highest common divisor of j and 14?
14
Suppose 12 - 54 = -h. Suppose -308*u - 1260 = -320*u. Calculate the highest common factor of u and h.
21
Suppose -3*a - 3*n - 40 = -4*a, -n = 0. Suppose 3*x + 4*y = 2*y + 24, -x = -2*y - 16. Calculate the highest common factor of x and a.
10
Let n be 2/(-4) + (-124)/(-8). What is the highest common factor of n and 45?
15
Suppose -19*b - 1173 = -4194. What is the highest common factor of 583 and b?
53
Let a = -1 - -11. Let u be a/(-6)*(-3)/1. Calculate the highest common factor of u and 25.
5
Suppose c = -2*c + 66. Let g = 14 + -14. Suppose -2*d - 120 = -j, 0*j + 3*j - 5*d - 355 = g. Calculate the greatest common divisor of c and j.
22
Suppose -4*f + 2*c = -104, -3*f - 4*c = -0*c - 89. Suppose 75 = -76*a + 101*a. What is the highest common divisor of f and a?
3
Let d(n) = 2*n**3 - 5*n**2 - 2*n - 5. Let w be d(4). Let x be 3 - (-2 + w)/(-3). Let t = 107 - 65. Calculate the greatest common factor of x and t.
14
Let b(w) = -w + 61. Let c be b(10). What is the highest common divisor of 1581 and c?
51
Suppose 0 = -5*d - 4*j + 5 - 4, -d + 2*j - 11 = 0. Let n be 36/(-12)*10/d. Calculate the greatest common factor of n and 80.
10
Let r = 8 + -4. Suppose 0 = 2*c - r*w - 14, -5*c + w - 3*w = -83. Let y be (90/24)/(((-28)/(-144))/7). What is the highest common factor of c and y?
15
Let k be (1518/(-55))/((-8)/60). What is the highest common factor of k and 9?
9
Let u(a) = -2*a**2 - 23*a + 36. Let c be u(-12). What is the greatest common factor of c and 8?
8
Let c be 2/(124/120 - 1). Suppose o - c = 20. Calculate the highest common factor of 10 and o.
10
Let c(x) be the first derivative of x**3/3 + 4*x**2 + 9*x + 8. Let j be c(-7). Calculate the greatest common factor of j and 6.
2
Suppose 9*l - 167 - 130 = 0. What is the greatest common divisor of 12 and l?
3
Let f = -16 + 16. Suppose f*y = 2*y - 36. Suppose -5*u + 26 + 64 = 0. What is the greatest common factor of u and y?
18
Let p = 12 + -9. Let v(x) = -5*x**2 - 4*x. Let f be v(p). Let u be (-1 + f/(-6))*2. What is the highest common divisor of u and 17?
17
Suppose 50*l - 46*l - 608 = 0. Calculate the highest common factor of 57 and l.
19
Suppose 5*f + u - 3*u = -100, u + 60 = -3*f. Let o be (-18)/((-9)/f*38/(-57)). Calculate the greatest common divisor of o and 15.
15
Let l(b) = -b - 2. Let j be l(-5). Let z be (j - 3) + -12 - -2. Let s be z/(-4)*140/50. What is the greatest common divisor of 56 and s?
7
Suppose -10 = 4*y - 2, y + 5 = x. Let g = 5 - x. Let i be -1 - (0/(-1) - 6). Calculate the greatest common divisor of g and i.
1
Suppose -100*o + 96*o = -640. What is the greatest common divisor of o and 60?
20
Let w(y) = -4*y**2 - 7*y + 12. Let n(k) = 21*k**2 + 36*k - 61. Let i(r) = -2*n(r) - 11*w(r). Let q be i(-6). What is the highest common factor of 4 and q?
4
Suppose 3*p + 10 = 25. Suppose 0 = -p*x - 2*n + 118, -6*x + 3*x + 70 = n. Let v be (-3887)/(-117) 